True
Let n(x) = -25*x - 19. Is n(-6) a prime number?
True
Let v be (-940)/7 - 4/(-14). Let f = v + 261. Is f prime?
True
Let g = 0 + 3. Suppose -h + 6 = -g*h. Let j(k) = 7*k**2 + k - 1. Is j(h) a composite number?
False
Let l(p) = p**2 - p + 113. Let a be l(0). Suppose 5*h + 81 = -4*n + 702, -h + a = -2*n. Is h a composite number?
True
Is -3 + 497 + 5 - 2 a prime number?
False
Suppose -6*p + 2*p = -12. Let m(a) = -a - p*a + 2*a. Is m(-3) composite?
True
Suppose 5*i - 5 = -15. Suppose 0 = s - 0*s + 2. Is (-89)/s*i/(-1) a composite number?
False
Let x = -22 - 64. Let w = -49 - x. Is w a composite number?
False
Let b = -20 + 20. Suppose -3*a - 7 + 436 = b. Is a a composite number?
True
Let i(o) = o + 3. Let p be i(-3). Suppose c - 127 = -p*c. Is c a prime number?
True
Suppose -3*g = -2*g + 3. Let y(l) = -5*l**3 + l**2 + 3*l - 4. Is y(g) composite?
False
Let s = 5 - 9. Let o(p) be the second derivative of -p**3/3 - p**2/2 + p. Is o(s) a prime number?
True
Let h(t) = 36*t - 1. Is h(6) prime?
False
Let c = 22 - 31. Let a(t) = t**2 - 11*t + 11. Is a(c) a prime number?
True
Is (-4)/(-10) - (-999)/15 a composite number?
False
Let b(a) = a**2 - 2. Let f be (-2)/((-2)/(-7) + 0). Let q(g) = g + 3. Let w be q(f). Is b(w) a prime number?
False
Suppose 0 = -j + 322 - 35. Is j a prime number?
False
Is 2 - (-1)/(2/890) a composite number?
True
Suppose 0 = 3*x - m - 3425, -5*m + 2272 = -2*x + 4*x. Is x a composite number?
True
Let s(w) = -w**2 + 9*w - 4. Let h be s(6). Let m = h + -10. Suppose 4*f + 8 = 0, m*f - 485 = -3*q + 2*f. Is q a composite number?
False
Let c(h) = 25*h - 3. Let a(u) = 38*u - 4. Let v(q) = -5*a(q) + 8*c(q). Suppose 0 = -0*g - g + 3. Is v(g) a composite number?
True
Let f = 17 + -12. Suppose f*a - 7 = -12. Is a - (-4 - -1) - -111 composite?
False
Let u = 11 - 8. Suppose -4*g + u*g + 2*a + 30 = 0, 2*a = 4*g - 114. Is 960/g - (-4)/(-14) a prime number?
False
Let v = -69 + 140. Suppose v = 5*b - 324. Is b a composite number?
False
Let f be (1 + -1 + -3)*-94. Is ((-7)/(-2))/(3/f) prime?
False
Suppose 2*f - 4 = -2*f. Suppose -c + 2*c = -f. Is (53 - c) + 3 + -2 a prime number?
False
Let p = 48 + 11. Is p a prime number?
True
Suppose 10 = 2*r - b, 5*r - 2*b = 2*b + 28. Suppose 5*h = r*g + 89, 4*g - 100 = -2*h - 2*h. Is h a prime number?
False
Let b be ((-6)/(-4))/(6/(-20)). Is ((-181)/b)/((-11)/(-55)) prime?
True
Let c = -81 + 126. Let p = c - 30. Suppose 3*n - 6 - p = 0. Is n prime?
True
Suppose 0 = 5*j - 2*l - 28995, -5*l - 7650 = -2*j + 3927. Is j a composite number?
False
Suppose 29*d = 23*d + 47166. Is d prime?
False
Let u = -118 + 267. Is u a prime number?
True
Let c be 126/(-8) - 36/(-48). Let v = c + 52. Is v a prime number?
True
Let k(i) = -i**2 + 7*i + 5. Let m be k(6). Is (1/(-2))/(m/(-1166)) composite?
False
Suppose 5*p = -6*o + 3*o - 37, 5*p - 2*o + 17 = 0. Let r(k) = -k**3 - 2*k**2 + 5*k + 3. Is r(p) a prime number?
True
Suppose 2*z = 8 - 0. Suppose 141 + 127 = z*k. Is k composite?
False
Let f = 763 + -374. Is f a prime number?
True
Is (19431/(-18))/((-2)/4) a composite number?
True
Suppose 5 + 1 = 3*g + v, -5*g = -3*v + 4. Let s be 37*(g + -2)*-2. Let y = s + 39. Is y a composite number?
False
Is (7304/(-12))/(3 - (-33)/(-9)) a prime number?
False
Let h = 6 - 3. Suppose 2*v - 4 = 0, 5*n - 214 = n - h*v. Suppose 2*b - b - 50 = -3*j, -b + n = j. Is b a prime number?
True
Suppose -k + 1 + 2 = 0. Suppose 0 = -k*j + 2*j + 21. Is j prime?
False
Suppose 5*b + 423 = 2*b. Let l = b - -254. Is l a composite number?
False
Suppose -5*f + 15 = 0, -2*f = -4*m - 0*f - 18. Is ((-2)/(-2))/(m/(-117)) a prime number?
False
Suppose 3 + 5 = 2*k. Let m(t) = 9*t - 1. Is m(k) a composite number?
True
Is 312 + 13 - (4 + -2) a composite number?
True
Let j(h) = -h**2 - 2*h + 4. Let k be j(-4). Let d be 0/(-3) - (k - -1). Is d*4/6 + 11 a composite number?
False
Suppose -5*q = u - 3*q - 623, 1869 = 3*u - 4*q. Let y(w) = -w**3 - 3*w**2 - 3*w - 1. Let f be y(-3). Suppose -12 - f = -4*c, 4*h - u = c. Is h a prime number?
True
Let a = -11 - -8. Is -2 + 152 + a + 2 a prime number?
True
Suppose 13 = -2*c + 3*f, -2*c + f = c + 9. Let d = 0 + c. Is ((-8)/d)/((-12)/(-66)) composite?
True
Let f(p) = -p**3 - 2*p**2 + 4*p + 4. Let i be f(-4). Suppose 5*g + 195 = -i. Is g/(-5) - (-18)/45 composite?
True
Suppose 2*j + 3*j + 50 = 0. Let u = 75 + j. Is u prime?
False
Let i(q) = -3*q + 8. Let l be i(-6). Suppose -z - z = -l. Is z composite?
False
Let p be -2 + (-1 - 12/(-2)). Let l = 50 + -6. Let q = p + l. Is q a composite number?
False
Suppose -4*c + 3*x = x - 224, 0 = x + 2. Is c composite?
True
Suppose y = 3*y + 60. Suppose 0 = -3*a + i + i + 491, 821 = 5*a - 4*i. Let g = y + a. Is g a prime number?
True
Let g(k) = -k**3 + 25*k**2 + 18*k - 17. Is g(9) prime?
False
Let w(j) = 16*j**2 - 13*j + 9. Is w(8) a prime number?
True
Suppose 6 + 4 = 2*c. Suppose -5*q + 645 = -c*p, -6*p + 6 = -3*p. Is q a composite number?
False
Let h(x) = 6*x**2 - 11*x + 2. Is h(5) prime?
True
Let d be ((-4)/(-6))/(2/(-9)). Let u(f) = -85*f**3 - 3*f**2 + 2. Let i(w) = 86*w**3 + 2*w**2 - 1. Let h(m) = d*i(m) - 2*u(m). Is h(-1) prime?
False
Suppose -502 - 306 = -4*x. Is 14/(-63) + x/18 composite?
False
Suppose 17*u - 19*u + 574 = 0. Is u prime?
False
Let r be 15*(-4)/8*2. Is 4870/r*6/(-4) a prime number?
True
Suppose -5*z + 4*n = 1120, -3*z - 381 - 289 = -2*n. Let c be (-12)/54 - z/18. Suppose -j - c = -3*j. Is j prime?
False
Let o(b) = b**3 + 25*b**2 - b - 47. Is o(-24) prime?
False
Let n = 13 - 9. Suppose -2 = n*c - 38. Suppose 0 = o - c - 10. Is o composite?
False
Let b(r) = -r**2 - 7*r + 7. Let d be b(-8). Let x = 5 + d. Suppose 2*h + 175 = w + x*w, -173 = -4*w - 5*h. Is w a prime number?
True
Suppose 3*j = 1709 + 2668. Is j prime?
True
Let j(k) = -k**2 - 15*k - 8. Let u be j(-11). Let z = u + -17. Is z composite?
False
Let i(w) = -w**3 - 5*w**2 - 4*w + 3. Let c be i(-4). Let a(d) = d**3 + d + 4*d**3 - 1 + 3*d**c. Is a(2) a composite number?
True
Let k be (-2)/4 + (-1026)/(-4). Suppose k = 5*o - 289. Is o prime?
True
Let o(t) = -t**3 + t**2 - t - 214. Let r be o(0). Suppose -1 = 2*n + 7. Is r/(-10) - n/(-10) prime?
False
Let k = 6 - 12. Let h be 16/10 - k/15. Suppose 0 = h*g + 2*a - 78, 3*g + 4*a = -a + 121. Is g a composite number?
False
Let l(u) = -7*u + 5. Let j be l(-5). Let w be 1/2 - 306/(-4). Let h = w - j. Is h a composite number?
False
Let n(z) = -z**3 + 10*z**2 - 1. Let f be n(7). Let g be (-1 - f)*2/(-6). Suppose -3*p + 40 = -5*k, -3*k = 3*p + k - g. Is p composite?
True
Let p be (-6)/24 - (-502)/(-8). Suppose -4*c + m + 4*m + 475 = 0, -m = 3*c - 361. Let w = c + p. Is w composite?
True
Let y(b) = -b**2 + b - 2. Let i be 0/(-4) - (2 - 2). Let j be y(i). Is (-1858)/(-18) + j/9 a composite number?
False
Suppose 0 = -2*g - 2*f - 5 + 3, 3*f = -6. Suppose -d - g - 13 = 0. Is (-6)/21 - 158/d composite?
False
Let t(a) = 389*a**2 - 2*a - 1. Is t(-2) composite?
False
Let b = 25 + -84. Let v = -24 - b. Is v a prime number?
False
Let i(m) = 107*m**2 + 7*m + 6. Let s be i(8). Is s/5 - (-2)/(-2) composite?
False
Let o be ((-4)/(-4))/((-1)/(-75)). Is (-8)/(-10)*o/10 a composite number?
True
Let l(x) = x**2 - x - 3. Suppose -3*b + 8 + 1 = 0. Let q be 2*b/((-12)/14). Is l(q) a composite number?
False
Let w(y) = y**3 - 7*y**2 + y - 4. Let n be w(7). Let i(h) = 7*h**2 + 0*h**n + 5*h + 9 + 0*h**3 + h**3. Is i(-6) a composite number?
True
Is 28026/42 + 4/(-14) a composite number?
True
Let v = 1642 - 393. Is v a composite number?
False
Is (226/4)/(2/4) prime?
True
Suppose -3229 = -3*a - 370. Is a a composite number?
False
Let a be 2 + -3 - 9/(-3). Suppose -2*u - 265 = -c - a*c, 0 = -2*c - 2*u + 180. Is c a composite number?
False
Let p(u) = 10*u**2 + 5*u - 20. Is p(-9) composite?
True
Suppose 526 = 3*s - 2063. Is s a composite number?
False
Let w(v) = v**2 + 3*v + 9. Let x = 0 + 0. Suppose x = -2*b + 6*b - 28. Is w(b) prime?
True
Let a be 2*-2*2/2. Let b be 3/12 + (-23)/a. Is 3/b*79*2 composite?
False
Is (-1)/(((-4)/(-1466))/(-2)) composite?
False
Let x(f) = f + 4. Let o be 1/((3/9)/(-1)). Let h be 14*(6/(-4))/o. Is x(h) composite?
False
Let a be 312/((-6)/(-3)) - 2. Suppose -3*n = -323 - a. Suppose -4*o + 7*o - n = 0. Is o a composite number?
False
Let y(c) = c**2 - 2*c + 2. Is y(-8) composite?
True
Su